or of 21399 and 2436?
21
Calculate the highest common divisor of 205674 and 581.
581
Calculate the highest common factor of 4160 and 31360.
320
What is the highest common divisor of 12320 and 1568?
224
What is the greatest common divisor of 572 and 777656?
44
Calculate the highest common divisor of 2740 and 7535.
685
Calculate the greatest common factor of 1044703 and 33.
11
Calculate the highest common factor of 7005 and 85.
5
Calculate the greatest common divisor of 3029 and 43329.
13
What is the highest common divisor of 3503 and 10230?
31
Calculate the highest common factor of 3795 and 19440.
15
What is the greatest common divisor of 41752 and 3672?
136
What is the greatest common factor of 6111 and 504?
63
Calculate the greatest common divisor of 611226 and 686.
686
Calculate the highest common factor of 130 and 168467.
13
Calculate the greatest common divisor of 641779 and 89.
89
Calculate the highest common divisor of 1876 and 2018.
2
Calculate the greatest common factor of 2162 and 368.
46
What is the highest common divisor of 2475 and 2400?
75
What is the highest common divisor of 258 and 166281?
129
What is the highest common factor of 2507 and 65945?
109
Calculate the highest common divisor of 9449 and 88.
11
Calculate the greatest common factor of 653 and 114.
1
What is the greatest common divisor of 4248 and 124136?
472
Calculate the highest common divisor of 144 and 19856.
16
What is the greatest common factor of 6640 and 10576?
16
Calculate the greatest common factor of 3385 and 10.
5
Calculate the greatest common factor of 388530 and 670.
10
Calculate the greatest common divisor of 217139 and 13.
13
Calculate the highest common factor of 742 and 649886.
106
Calculate the highest common factor of 143 and 3788.
1
Calculate the greatest common factor of 10 and 16766.
2
What is the greatest common divisor of 7587512 and 8?
8
What is the highest common divisor of 3249 and 8?
1
What is the greatest common factor of 42588 and 2268?
252
Calculate the highest common factor of 2691 and 3783.
39
Calculate the highest common divisor of 5681 and 494.
247
Calculate the highest common divisor of 21981372 and 604.
604
What is the greatest common factor of 2190 and 446322?
438
What is the greatest common divisor of 40115 and 1356?
113
What is the greatest common factor of 29115 and 45?
45
What is the highest common factor of 219 and 35843?
73
What is the greatest common factor of 30 and 7685?
5
Calculate the highest common factor of 6656 and 104624.
208
What is the highest common factor of 8200 and 510?
10
What is the greatest common factor of 28 and 9121?
7
Calculate the highest common factor of 1166 and 96725.
53
Calculate the greatest common factor of 546 and 62972.
182
Calculate the highest common factor of 325290 and 140.
70
Calculate the greatest common divisor of 37004 and 561.
11
Calculate the greatest common divisor of 1056 and 103884.
132
What is the highest common factor of 49 and 3174857?
49
Calculate the greatest common factor of 213 and 56303.
71
What is the greatest common factor of 234 and 96291?
117
Calculate the greatest common factor of 405 and 129357.
81
Calculate the greatest common factor of 30736 and 12138.
34
Calculate the highest common divisor of 15 and 315165.
15
Calculate the greatest common divisor of 8536 and 873.
97
Calculate the highest common factor of 20898 and 258.
258
What is the greatest common divisor of 945723 and 3?
3
Calculate the greatest common divisor of 3608 and 255266.
902
What is the highest common factor of 8190 and 425295?
585
What is the greatest common factor of 53525 and 125?
25
What is the greatest common divisor of 5934 and 3225?
129
Calculate the highest common divisor of 45615 and 15.
15
What is the highest common divisor of 250323 and 543?
543
What is the highest common divisor of 3925 and 17?
1
Calculate the highest common factor of 4550667 and 1221.
1221
What is the greatest common divisor of 43170 and 20?
10
Calculate the highest common factor of 48 and 139280.
16
What is the greatest common factor of 20367 and 558?
279
What is the highest common divisor of 2537904 and 1429?
1429
What is the greatest common divisor of 45686 and 4134?
106
What is the highest common divisor of 83 and 409273?
83
Calculate the highest common factor of 744 and 457064.
248
Calculate the highest common factor of 188117 and 23.
23
What is the greatest common factor of 1020463 and 11943?
1327
Calculate the highest common divisor of 54 and 7062.
6
What is the greatest common factor of 28 and 123634?
14
Calculate the highest common divisor of 10500 and 2380.
140
What is the highest common divisor of 1202667 and 129?
129
What is the greatest common factor of 1755 and 559?
13
What is the greatest common divisor of 264 and 197976?
24
Calculate the highest common divisor of 6918777 and 373.
373
Calculate the highest common factor of 686 and 39060.
14
What is the highest common factor of 54644 and 8132?
76
Calculate the greatest common factor of 2949298 and 55.
11
What is the highest common divisor of 18 and 2092914?
18
What is the highest common divisor of 18 and 3318?
6
Calculate the highest common factor of 210 and 6436206.
42
Calculate the highest common divisor of 4031 and 99385.
139
Calculate the highest common factor of 29974 and 3514.
14
What is the greatest common factor of 24 and 602?
2
What is the highest common factor of 4522 and 2128?
266
What is the greatest common factor of 1554 and 2223996?
222
What is the highest common factor of 20 and 263900?
20
What is the highest common divisor of 868341 and 837?
93
Calculate the highest common divisor of 220365 and 590.
295
What is the greatest common factor of 223873 and 2210?
221
What is the greatest common divisor of 387 and 16425?
9
What is the highest common divisor of 204341 and 877?
877
What is the highest common divisor of 2163 and 28?
7
What is the highest common factor of 222 and 1651236?
222
What is the highest common divisor of 2690 and 180?
10
What is the highest common factor of 10841 and 6697?
37
What is the greatest common factor of 245 and 108095?
5
What is the greatest common divisor of 384221 and 29?
29
What is the greatest common divisor of 7348 and 84?
4
Calculate the highest common divisor of 112 and 1807216.
16
Calculate the highest common divisor of 1844 and 736.
4
Calculate the greatest common factor of 184 and 14819176.
184
Calculate the greatest common divisor of 13 and 222599.
13
What is the highest common divisor of 36 and 16260?
12
What is the greatest common divisor of 546782 and 152?
38
Calculate the highest common factor of 18737 and 4264.
41
Calculate the highest common factor of 38753 and 55.
11
Calculate the highest common divisor of 692952 and 12.
12
What is the highest common factor of 2944 and 284416?
128
What is the greatest common divisor of 360 and 55170?
90
Calculate the highest common factor of 50 and 131060.
10
What is the greatest common factor of 578108 and 452?
452
Calculate the greatest common factor of 459 and 223533.
459
Calculate the greatest common divisor of 13 and 145067.
13
What is the highest common factor of 1826 and 163842?
166
What is the greatest common factor of 280328 and 4707?
523
Calculate the highest common divisor of 33 and 1590501.
33
What is the greatest common factor of 2825440 and 320?
160
Calculate the greatest common divisor of 267810 and 158.
158
Calculate the greatest common factor of 36 and 819621.
9
What is the highest common factor of 156580 and 40?
20
What is the greatest common divisor of 17 and 186269?
17
Calculate the greatest common factor of 29 and 6193.
1
What is the greatest common divisor of 24 and 1969040?
8
What is the greatest common divisor of 16082 and 682?
22
What is the greatest common factor of 1183 and 23621?
13
What is the greatest common factor of 764 and 2?
2
What is the highest common divisor of 169 and 2873?
169
What is the greatest common factor of 2187438 and 1012?
506
What is the greatest common factor of 142197 and 651?
93
What is the greatest common divisor of 8944 and 22016?
688
Calculate the greatest common divisor of 17391 and 5423.
187
Calculate the greatest common divisor of 44251 and 2261.
323
Calculate the greatest common factor of 11500 and 13200